 1 + 1. Let a(m) = 3 - l + 5*m - 6*m. Calculate a(h).
6
Let a(l) be the first derivative of l + 7 + 1/3*l**3 - 5/2*l**2. What is a(6)?
7
Suppose 4 = -2*a - 0. Let m be 15/(-12)*2*a. Let d(x) = -x**2 + 3*x + 1 + 2*x - 6. What is d(m)?
-5
Let a(p) = 6*p**2 - 2*p. Let o(s) = 5*s**2 - s. Let k(v) = -6*a(v) + 7*o(v). Let z(y) = -y - 11. Let r be z(-14). Calculate k(r).
6
Let a(l) be the second derivative of 1/6*l**3 - 1/12*l**4 + 8*l + 0 + 1/2*l**2. What is a(-1)?
-1
Let j(i) = -2*i. Let u(v) = -3*v**3 + v**2. Let l be u(1). Let x = l + 5. Determine j(x).
-6
Suppose 5 = 4*a - 7. Let b(w) = -10*w**2 + 25*w - 9. Let z(k) = -7*k**2 + 17*k - 6. Let r(x) = 5*b(x) - 7*z(x). Determine r(a).
6
Suppose 3*m + 2*x - 7*x + 40 = 0, 25 = 5*x. Let c(r) = r + 6. What is c(m)?
1
Let p(t) = -11*t**2 + 3*t + 7*t**2 + 2*t**2 - 2. What is p(2)?
-4
Let k(x) = -2*x**3 - 3*x**2 - 4*x - 19. Let d(b) = b**3 + 2*b**2 + 2*b + 10. Let p(j) = -11*d(j) - 6*k(j). Suppose 3*l = 7 + 8. Let z = l + -2. Determine p(z).
1
Let p(g) = g**2 + 6*g + 1. Let o be p(-6). Let t(f) = -f - 2 - o - 2. Determine t(-4).
-1
Let y(l) = l**2 + l - 1. Let g(p) = 3*p**3 - 2*p**2 + p. Let t be g(1). Suppose -2 = 4*a + t. Give y(a).
-1
Suppose -3*d - 3 = 3*k, 26 = 3*k - k - 5*d. Let p(q) = k*q + 4*q - 5*q - 5*q. What is p(3)?
-9
Let f(i) be the third derivative of -1/5*i**5 - 1/12*i**4 - 1/6*i**3 + 2*i**2 + 0*i + 0. What is f(-1)?
-11
Let s(v) = v**3 - v**2 - 3*v + 1. Let z(g) = g**2 + 8*g - 6. Let a be z(-9). Give s(a).
10
Let l(r) = r - 14. Let d be (39/9 - 0)*(-17 - -20). Calculate l(d).
-1
Let w be (-2)/6 + 48/9. Let f(v) = 31 + 0*v**3 + 30 + v**3 - 5*v**2 - v - 60. Determine f(w).
-4
Let k(a) = -23*a - 8. Let z(x) = 8*x + 3. Let u(g) = 3*k(g) + 8*z(g). Suppose y = 3*y - 4. Determine u(y).
-10
Let k(u) = u + 1. Let q(z) = -z + 6. Suppose 5*b + 4 = b. Let o(a) = b*q(a) + k(a). Let h = 0 - -4. Determine o(h).
3
Let g(j) be the third derivative of j**5/60 - 5*j**4/24 + j**3/2 + j**2. Let k be (-22)/(-6) + (-8)/12. Determine g(k).
-3
Let c(x) = x**2 + x + 1. Let u(n) = 12*n**2 + 12*n + 12. Let k(s) = -10*c(s) + u(s). Give k(-2).
6
Let k(r) = 3 + 2 - 2*r - 2. Let m(x) = x**3 + 11*x**2 + x + 14. Let q be m(-11). Give k(q).
-3
Suppose 0*q = 5*q - 2*j - 89, q - j = 16. Suppose 0 = 4*h - h + 2*m - q, 0 = 2*h + m - 12. Suppose h*z + 12 = 8*z. Let w(i) = -2*i - 2. Calculate w(z).
-10
Let c(h) = 3*h**2 - 19*h - 46. Let f(m) = m**2 - 6*m - 15. Let j(n) = 2*c(n) - 7*f(n). Let z be j(6). Let v(s) = -14*s**3 + 2*s**2 - 1. Determine v(z).
-13
Let o(n) = 151*n**3 - 152*n**3 + 5 - 3*n**2 + 2*n + 2*n. Let v(w) = 3*w + 2. Let j be v(-2). What is o(j)?
5
Let c(m) = m - 7. Let b be (1/3*0)/(-2). Suppose -3*a = -2*k + 9, 5*k - 80 = -b*k - 4*a. Suppose 0*g + 3*g - k = 0. Calculate c(g).
-3
Let c(j) = -j**3 + 5*j**2 - 2*j - 4. Let d = -57 - -61. Calculate c(d).
4
Let v(q) = 2*q - 5. Let k = 4 - -1. Suppose -5*u + k = 3*a - a, -3*a = -2*u + 2. Suppose 0*o + 5*o - 20 = a. Give v(o).
3
Let q(u) = -u**2 + u. Let n(p) = -6*p**2 - 7*p + 2. Let m(y) = n(y) + q(y). Let r(j) = -8*j**2 - 6*j + 2. Let c(d) = -7*m(d) + 6*r(d). Calculate c(-5).
-7
Suppose m + 2 = 0, 2*m + 3*m = -n - 6. Suppose -2*o - 2*y = -n, -2*o + 2*y = 3 - 19. Let c(u) = -u**3 + 5*u**2 + u - 7. Calculate c(o).
-2
Let b(z) = -z**2 - 6*z + 5. Suppose -o = 2*o - 6. Let a be (-4 - -16)*o/(-4). Determine b(a).
5
Let p(a) = -a**3 + a - 7. Let b(w) = -2*w**3 + 2*w - 15. Let q(v) = -2*b(v) + 5*p(v). Let u be 0/5 - (0 - 0). Give q(u).
-5
Let j(s) = -3*s - 7 - s**3 + 4*s**2 + 6*s + 4*s. Let y be (15/(-6))/((-2)/4). Let n be j(y). Let u(f) = 3*f - 2. Determine u(n).
7
Let l(r) = -2*r**2 - 10 + r**2 - 8*r + 5. What is l(-8)?
-5
Let q(n) = -3*n + 5 - 2 - 1. Let z = -1 - -2. Suppose f - z = 3*s, 0*f + 4*s = -5*f - 14. What is q(f)?
8
Let g be (-12)/(-10)*10/(-3). Let c(z) be the second derivative of z**3/3 + z**2/2 - 3*z. Calculate c(g).
-7
Let w(n) be the second derivative of -n**5/20 - n**4/12 + n. Let t = 32 + -17. Suppose t = -4*i + 7. Give w(i).
4
Let z(r) = -r - r**2 + 0*r - 11 + 0*r**2. Let w = -3 - -3. Give z(w).
-11
Let v(l) = 3*l**2 - l + 1. Let b = 6 + -5. Give v(b).
3
Let h(j) = -3*j - 1. Suppose u + 2 = 4. Suppose 0 = 2*l - u, 3*l - 5 = 3*y + l. What is h(y)?
2
Let p = -4 - -3. Let m(u) be the second derivative of -9*u**5/20 - u**4/12 + u**3/6 + u**2/2 + 5*u. Calculate m(p).
8
Let q(t) be the first derivative of -t**4/4 - 4*t**3/3 - 2*t**2 - 1. Let h be q(-3). Suppose z + h + 0 = 0. Let u(x) = x**3 + 2*x**2 - x - 1. What is u(z)?
-7
Let d(v) = -2 + 3*v - 3 + 3*v - v**2. Give d(6).
-5
Let p(h) = -h. Suppose 2*r + 3 = r. Let b = -3 + 8. Let c = r + b. Determine p(c).
-2
Let n be 2/6*30/(-4)*2. Let j(k) = k. Let h(s) = -2*s. Let m be h(-2). Let q(z) = z. Let f(u) = m*q(u) + n*j(u). What is f(-2)?
2
Suppose 0 = 3*c - 4*q - 5, -c + 3*q + 6 = -4. Let d(p) = -4*p**2 + 2*p**3 - p - 2 - p**2 - 3*p**3. Determine d(c).
3
Let g(t) = 5*t**2 + t. Suppose 0 = y - 2 - 2. Suppose y = -3*r + 1. Calculate g(r).
4
Let s be 3/(-3) - 12*1. Let h be s/(-2) - (-3)/(-6). Let p(d) = d**2 - 6*d + 7. Determine p(h).
7
Let g(q) be the second derivative of 0*q**4 - 1/6*q**3 - 1/20*q**5 + 2*q**2 + 3*q + 0. Give g(0).
4
Let x(t) = -2*t + 6. Let y(b) = 2*b**2 - 2*b + 2. Let c be y(2). Suppose c*p = p + 20. What is x(p)?
-2
Let l(f) be the first derivative of f**4/4 + 2*f**3/3 - 2*f**2 + f - 6. Determine l(-4).
-15
Let v = 14 + -11. Let w(n) = n**2 - n + 1. Give w(v).
7
Let l(n) be the first derivative of 1/2*n**2 + n - 2. Determine l(4).
5
Let h(g) = -g + 1. Let x(b) = -b**2 - b. Let z(r) = h(r) + x(r). Let f(l) = -l. Let c(o) = 3*o. Let u(s) = -c(s) - 2*f(s). Let t be u(-2). Determine z(t).
-7
Let t(k) be the first derivative of -k**3/3 - 2*k**2 + 8*k + 10. Determine t(-6).
-4
Let d(c) = -c**3 + c**2 + 3*c + 3. Let t(i) = -i + 3. Suppose -6*u + 5*u + 2*j - 10 = 0, -4*j + 20 = 0. Let r be t(u). What is d(r)?
-6
Let s(b) be the third derivative of 0 - 1/6*b**3 - 1/12*b**5 + 1/24*b**4 - 6*b**2 + 0*b. Determine s(1).
-5
Let g(p) be the first derivative of -2*p**2 - p + 11. Give g(1).
-5
Let j(d) = -d**3 - 8*d**2 - 8*d - 4. Suppose -5*c + 4*b - 27 = 0, -5*c + 2*b + b = 29. Determine j(c).
3
Let m(s) = 5*s. Let f be m(1). Let t(r) be the third derivative of -2*r**2 + 5/24*r**4 + 7/6*r**3 + 0 + 0*r - 1/60*r**5. What is t(f)?
7
Suppose 2*r = 5*r + j - 23, 5*j = -5*r + 25. Let m(l) = l**2 + 9*l - 2. Let a(o) = 2*o**2 + 19*o - 4. Let q(h) = r*m(h) - 4*a(h). What is q(-4)?
-6
Let w(n) = n**3 - n**2 - n. Let j(y) = 6*y**3 + 2*y**2 - 7. Let f(m) = j(m) - 5*w(m). Determine f(-6).
-1
Suppose 3*x + 2*x = 15. Let v(q) = -q**3 + 4*q**2 - 4*q + 2. Determine v(x).
-1
Suppose -2*b + 4*b + 5*d + 2 = 0, -b + 2*d = 1. Let q(r) = 5*r**2. Let h be q(b). Let c(m) = -h + 0*m**3 - 2*m + 1 - 3*m**2 + m**3. Calculate c(4).
4
Let x(n) = -13 - 13*n + 14*n + n**2 + 3. Let m(g) = -g**2 - g + 9. Let d(y) = 5*m(y) + 4*x(y). Calculate d(0).
5
Suppose 0 = x - 2 - 0. Let m(h) = -10*h**2 - 4*h + 10. Let r(d) = 2*d**2 + d - 2. Let f(p) = x*m(p) + 11*r(p). Suppose -4*z + 11 = 3. Give f(z).
12
Let y(m) = m**3 + m**2 - 2*m + 1. Let q be 4/8*(3 + -1). Give y(q).
1
Let u = -56 + 35. Let r = 22 + u. Let o(v) = -v. What is o(r)?
-1
Let s(t) = t + 8. Let m(o) = -4*o - 25. Let r(b) = -2*m(b) - 7*s(b). Let q(d) = 1. Let w(n) = 6*q(n) + r(n). What is w(6)?
6
Let k(t) = t. Let l = -11 + 6. Give k(l).
-5
Let i(x) be the second derivative of -5*x + 0 + 0*x**3 - 5/6*x**4 - 1/2*x**2. What is i(-1)?
-11
Let k(a) = 3*a**3 + a**2 + a + 1. Suppose 0*b + 2*b - 10 = 0. Let c = 3 + -1. Suppose 7 - c = -b*f. Calculate k(f).
-2
Let p(v) = -v + 8. Suppose -3*r = -8*r. Determine p(r).
8
Let z(s) = -4*s**2 - 14*s + 2. Let h(p) = p**2 + 5*p - 1. Let y(d) = 7*h(d) + 2*z(d). What is y(6)?
3
Let n(g) = g**2 + 6*g + 3. Let d = -24 - -19. Give n(d).
-2
Let b = -85 + 91. Let h(t) = -2*t + 2. What is h(b)?
-10
Let x be (-34)/(-8) - 2/8. Suppose 23 = -x*u - 1. Let w(g) = -g**2 - 6*g + 4. What is w(u)?
4
Let l(p) = -2*p**2 - p. Suppose -3*c + 175 = 2*c. Let t be (8/14)/(10/c). Suppose -r = 3*j + 17, 3*r + t*r + 5 = j. What is l(r)?
-6
Suppose -6 = -2*x - 2. Let k be x*-1 - (-2 - -5). Let n(u) = -u - 3*u**2 - 7 + 6*u + 4*u**2. Give n(k).
-7
Let a be (-1 - 1 - -4)*1. Let t(z)